{"id":694,"date":"2026-04-08T11:54:53","date_gmt":"2026-04-08T11:54:53","guid":{"rendered":"https:\/\/thucung.azdigi.shop\/?post_type=product&#038;p=694"},"modified":"2026-04-19T10:29:53","modified_gmt":"2026-04-19T10:29:53","slug":"pate-cho-cho-meo-royal-canin-recovery-lon-195g","status":"publish","type":"product","link":"https:\/\/thucung.azdigi.shop\/?product=pate-cho-cho-meo-royal-canin-recovery-lon-195g","title":{"rendered":"Pate Cho Ch\u00f3 M\u00e8o Royal Canin Recovery Lon 195g"},"content":{"rendered":"<h2 data-section-id=\"1dkunbw\" data-start=\"173\" data-end=\"195\"><strong>Pate Cho Ch\u00f3 M\u00e8o Ph\u1ee5c H\u1ed3i S\u1ee9c Kh\u1ecfe Royal Canin Recovery Lon 195g<\/strong><\/h2>\n<h2 data-section-id=\"1dkunbw\" data-start=\"173\" data-end=\"195\">Gi\u1edbi thi\u1ec7u s\u1ea3n ph\u1ea9m<\/h2>\n<p data-start=\"196\" data-end=\"480\">Royal Canin Recovery l\u00e0 d\u00f2ng th\u1ee9c \u0103n \u01b0\u1edbt chuy\u00ean bi\u1ec7t d\u00e0nh cho ch\u00f3 v\u00e0 m\u00e8o c\u1ea7n ph\u1ee5c h\u1ed3i s\u1ee9c kh\u1ecfe, b\u1ed3i b\u1ed5 th\u1ec3 tr\u1ea1ng sau th\u1eddi gian m\u1ec7t m\u1ecfi, k\u00e9m \u0103n ho\u1eb7c c\u1ea7n h\u1ed7 tr\u1ee3 dinh d\u01b0\u1ee1ng \u0111\u1eb7c bi\u1ec7t. S\u1ea3n ph\u1ea9m c\u00f3 d\u1ea1ng pate m\u1ec1m m\u1ecbn, d\u1ec5 \u0103n, gi\u00fap th\u00fa c\u01b0ng h\u1ea5p thu dinh d\u01b0\u1ee1ng t\u1ed1t h\u01a1n trong giai \u0111o\u1ea1n nh\u1ea1y c\u1ea3m.<\/p>\n<h2 data-section-id=\"1egc1x8\" data-start=\"482\" data-end=\"510\">\u0110i\u1ec3m n\u1ed5i b\u1eadt c\u1ee7a s\u1ea3n ph\u1ea9m<\/h2>\n<ul data-start=\"511\" data-end=\"776\">\n<li data-section-id=\"1pttzto\" data-start=\"511\" data-end=\"559\">D\u00e0nh cho c\u1ea3 ch\u00f3 v\u00e0 m\u00e8o c\u1ea7n ph\u1ee5c h\u1ed3i s\u1ee9c kh\u1ecfe<\/li>\n<li data-section-id=\"4a36i7\" data-start=\"560\" data-end=\"629\">K\u1ebft c\u1ea5u m\u1ec1m m\u1ecbn, d\u1ec5 \u0103n, ph\u00f9 h\u1ee3p v\u1edbi th\u00fa c\u01b0ng m\u1ec7t, y\u1ebfu ho\u1eb7c k\u00e9n \u0103n<\/li>\n<li data-section-id=\"c44beu\" data-start=\"630\" data-end=\"684\">H\u1ed7 tr\u1ee3 b\u1ed5 sung dinh d\u01b0\u1ee1ng trong giai \u0111o\u1ea1n h\u1ed3i ph\u1ee5c<\/li>\n<li data-section-id=\"1n42y5a\" data-start=\"685\" data-end=\"730\">M\u00f9i v\u1ecb th\u01a1m ngon, gi\u00fap k\u00edch th\u00edch v\u1ecb gi\u00e1c<\/li>\n<li data-section-id=\"kqce1d\" data-start=\"731\" data-end=\"776\">D\u1ea1ng lon ti\u1ec7n l\u1ee3i, d\u1ec5 b\u1ea3o qu\u1ea3n v\u00e0 s\u1eed d\u1ee5ng<\/li>\n<\/ul>\n<h2 data-section-id=\"qcs7cz\" data-start=\"778\" data-end=\"799\">Th\u00f4ng tin chi ti\u1ebft<\/h2>\n<ul data-start=\"800\" data-end=\"1010\">\n<li data-section-id=\"g14qwx\" data-start=\"800\" data-end=\"838\">T\u00ean s\u1ea3n ph\u1ea9m: Royal Canin Recovery<\/li>\n<li data-section-id=\"r103fg\" data-start=\"839\" data-end=\"860\">Tr\u1ecdng l\u01b0\u1ee3ng: 195g<\/li>\n<li data-section-id=\"c3plq2\" data-start=\"861\" data-end=\"900\">D\u1ea1ng s\u1ea3n ph\u1ea9m: Pate\/lon th\u1ee9c \u0103n \u01b0\u1edbt<\/li>\n<li data-section-id=\"109lbug\" data-start=\"901\" data-end=\"981\">\u0110\u1ed1i t\u01b0\u1ee3ng s\u1eed d\u1ee5ng: Ch\u00f3 v\u00e0 m\u00e8o c\u1ea7n ph\u1ee5c h\u1ed3i th\u1ec3 tr\u1ea1ng, c\u1ea7n b\u1ed5 sung dinh d\u01b0\u1ee1ng<\/li>\n<li data-section-id=\"1m9e1z\" data-start=\"982\" data-end=\"1010\">Th\u01b0\u01a1ng hi\u1ec7u: Royal Canin<\/li>\n<\/ul>\n<h2 data-section-id=\"bwebn8\" data-start=\"1012\" data-end=\"1037\">C\u00f4ng d\u1ee5ng c\u1ee7a s\u1ea3n ph\u1ea9m<\/h2>\n<p data-start=\"1038\" data-end=\"1342\">Royal Canin Recovery gi\u00fap cung c\u1ea5p ngu\u1ed3n dinh d\u01b0\u1ee1ng c\u1ea7n thi\u1ebft cho ch\u00f3 m\u00e8o trong giai \u0111o\u1ea1n h\u1ed3i ph\u1ee5c s\u1ee9c kh\u1ecfe. S\u1ea3n ph\u1ea9m ph\u00f9 h\u1ee3p cho th\u00fa c\u01b0ng sau \u1ed1m, ch\u00e1n \u0103n, suy nh\u01b0\u1ee3c ho\u1eb7c c\u1ea7n ch\u1ebf \u0111\u1ed9 \u0103n m\u1ec1m, d\u1ec5 ti\u00eau h\u00f3a. K\u1ebft c\u1ea5u pate m\u1ecbn c\u00f2n h\u1ed7 tr\u1ee3 th\u00fa c\u01b0ng d\u1ec5 \u0103n h\u01a1n, t\u1eeb \u0111\u00f3 c\u1ea3i thi\u1ec7n kh\u1ea3 n\u0103ng h\u1ea5p th\u1ee5 dinh d\u01b0\u1ee1ng m\u1ed7i ng\u00e0y.<\/p>\n<h2 data-section-id=\"69br7c\" data-start=\"1344\" data-end=\"1364\">H\u01b0\u1edbng d\u1eabn s\u1eed d\u1ee5ng<\/h2>\n<ul data-start=\"1365\" data-end=\"1687\">\n<li data-section-id=\"1dxanj5\" data-start=\"1365\" data-end=\"1448\">Cho \u0103n tr\u1ef1c ti\u1ebfp theo kh\u1ea9u ph\u1ea7n ph\u00f9 h\u1ee3p v\u1edbi c\u00e2n n\u1eb7ng v\u00e0 t\u00ecnh tr\u1ea1ng c\u1ee7a th\u00fa c\u01b0ng<\/li>\n<li data-section-id=\"hrzy07\" data-start=\"1449\" data-end=\"1566\">C\u00f3 th\u1ec3 tham kh\u1ea3o th\u00eam h\u01b0\u1edbng d\u1eabn t\u1eeb b\u00e1c s\u0129 th\u00fa y n\u1ebfu th\u00fa c\u01b0ng \u0111ang trong giai \u0111o\u1ea1n \u0111i\u1ec1u tr\u1ecb ho\u1eb7c ph\u1ee5c h\u1ed3i \u0111\u1eb7c bi\u1ec7t<\/li>\n<li data-section-id=\"1nw2ce8\" data-start=\"1567\" data-end=\"1619\">Lu\u00f4n chu\u1ea9n b\u1ecb n\u01b0\u1edbc s\u1ea1ch cho th\u00fa c\u01b0ng khi s\u1eed d\u1ee5ng<\/li>\n<li data-section-id=\"12k9biw\" data-start=\"1620\" data-end=\"1687\">Sau khi m\u1edf lon, n\u00ean b\u1ea3o qu\u1ea3n trong ng\u0103n m\u00e1t t\u1ee7 l\u1ea1nh v\u00e0 d\u00f9ng s\u1edbm<\/li>\n<\/ul>\n<h2 data-section-id=\"1cvkcll\" data-start=\"1689\" data-end=\"1710\">H\u01b0\u1edbng d\u1eabn b\u1ea3o qu\u1ea3n<\/h2>\n<ul data-start=\"1711\" data-end=\"1844\">\n<li data-section-id=\"16nvx7x\" data-start=\"1711\" data-end=\"1747\">B\u1ea3o qu\u1ea3n n\u01a1i kh\u00f4 r\u00e1o, tho\u00e1ng m\u00e1t<\/li>\n<li data-section-id=\"kpvxbt\" data-start=\"1748\" data-end=\"1799\">Tr\u00e1nh \u00e1nh n\u1eafng tr\u1ef1c ti\u1ebfp v\u00e0 n\u01a1i c\u00f3 nhi\u1ec7t \u0111\u1ed9 cao<\/li>\n<li data-section-id=\"1m9is59\" data-start=\"1800\" data-end=\"1844\">Sau khi m\u1edf n\u1eafp, \u0111\u1eady k\u00edn v\u00e0 b\u1ea3o qu\u1ea3n l\u1ea1nh<\/li>\n<\/ul>\n<h2 data-section-id=\"6cgz5\" data-start=\"1846\" data-end=\"1864\">Cam k\u1ebft t\u1eeb shop<\/h2>\n<ul data-start=\"1865\" data-end=\"2014\">\n<li data-section-id=\"1ytandy\" data-start=\"1865\" data-end=\"1888\">S\u1ea3n ph\u1ea9m \u0111\u00fang m\u00f4 t\u1ea3<\/li>\n<li data-section-id=\"zmfpic\" data-start=\"1889\" data-end=\"1915\">H\u00e0ng \u0111\u00f3ng g\u00f3i c\u1ea9n th\u1eadn<\/li>\n<li data-section-id=\"3ghs6h\" data-start=\"1916\" data-end=\"1944\">H\u1ed7 tr\u1ee3 t\u01b0 v\u1ea5n nhi\u1ec7t t\u00ecnh<\/li>\n<li data-section-id=\"k0sxbk\" data-start=\"1945\" data-end=\"2014\">H\u1ed7 tr\u1ee3 \u0111\u1ed5i tr\u1ea3 theo ch\u00ednh s\u00e1ch c\u1ee7a s\u00e0n n\u1ebfu c\u00f3 l\u1ed7i t\u1eeb nh\u00e0 s\u1ea3n xu\u1ea5t<\/li>\n<\/ul>\n","protected":false},"excerpt":{"rendered":"<p>Pate Royal Canin Recovery 195g d\u00e0nh cho ch\u00f3 m\u00e8o c\u1ea7n ph\u1ee5c h\u1ed3i s\u1ee9c kh\u1ecfe, d\u1ea1ng m\u1ec1m m\u1ecbn d\u1ec5 \u0103n, h\u1ed7 tr\u1ee3 b\u1ed5 sung dinh d\u01b0\u1ee1ng v\u00e0 k\u00edch th\u00edch v\u1ecb gi\u00e1c hi\u1ec7u qu\u1ea3.<\/p>\n","protected":false},"featured_media":695,"comment_status":"open","ping_status":"closed","template":"","meta":[],"product_brand":[39],"product_cat":[38,36],"product_tag":[],"class_list":{"0":"post-694","1":"product","2":"type-product","3":"status-publish","4":"has-post-thumbnail","6":"product_brand-royal-canin","7":"product_cat-cho-va-meo","8":"product_cat-thuc-an-uot","10":"first","11":"instock","12":"taxable","13":"shipping-taxable","14":"purchasable","15":"product-type-variable"},"yoast_head":"<!-- This site is optimized with the Yoast SEO plugin v26.9 - https:\/\/yoast.com\/product\/yoast-seo-wordpress\/ -->\n<title>Pate Cho Ch\u00f3 M\u00e8o Royal Canin Recovery Lon 195g - Pobi shop<\/title>\n<meta name=\"description\" content=\"Pate Royal Canin Recovery 195g d\u00e0nh cho ch\u00f3 m\u00e8o c\u1ea7n ph\u1ee5c h\u1ed3i s\u1ee9c kh\u1ecfe, d\u1ea1ng m\u1ec1m m\u1ecbn d\u1ec5 \u0103n, h\u1ed7 tr\u1ee3 b\u1ed5 sung dinh d\u01b0\u1ee1ng v\u00e0 k\u00edch th\u00edch v\u1ecb gi\u00e1c hi\u1ec7u qu\u1ea3.\" \/>\n<meta name=\"robots\" content=\"index, follow, max-snippet:-1, max-image-preview:large, max-video-preview:-1\" \/>\n<link rel=\"canonical\" href=\"https:\/\/thucung.azdigi.shop\/?product=pate-cho-cho-meo-royal-canin-recovery-lon-195g\" \/>\n<meta property=\"og:locale\" content=\"vi_VN\" \/>\n<meta property=\"og:type\" content=\"article\" \/>\n<meta property=\"og:title\" content=\"Pate Cho Ch\u00f3 M\u00e8o Royal Canin Recovery Lon 195g - Pobi shop\" \/>\n<meta property=\"og:description\" content=\"Pate Royal Canin Recovery 195g d\u00e0nh cho ch\u00f3 m\u00e8o c\u1ea7n ph\u1ee5c h\u1ed3i s\u1ee9c kh\u1ecfe, d\u1ea1ng m\u1ec1m m\u1ecbn d\u1ec5 \u0103n, h\u1ed7 tr\u1ee3 b\u1ed5 sung dinh d\u01b0\u1ee1ng v\u00e0 k\u00edch th\u00edch v\u1ecb gi\u00e1c hi\u1ec7u qu\u1ea3.\" \/>\n<meta property=\"og:url\" content=\"https:\/\/thucung.azdigi.shop\/?product=pate-cho-cho-meo-royal-canin-recovery-lon-195g\" \/>\n<meta property=\"og:site_name\" content=\"Pobi shop\" \/>\n<meta property=\"article:modified_time\" content=\"2026-04-19T10:29:53+00:00\" \/>\n<meta property=\"og:image\" content=\"https:\/\/thucung.azdigi.shop\/wp-content\/uploads\/2026\/04\/pate-cho-cho-meo-royal-canin-recovery-lon-195g.webp\" \/>\n\t<meta property=\"og:image:width\" content=\"800\" \/>\n\t<meta property=\"og:image:height\" content=\"800\" \/>\n\t<meta property=\"og:image:type\" content=\"image\/webp\" \/>\n<meta name=\"twitter:card\" content=\"summary_large_image\" \/>\n<meta name=\"twitter:label1\" content=\"\u01af\u1edbc t\u00ednh th\u1eddi gian \u0111\u1ecdc\" \/>\n\t<meta name=\"twitter:data1\" content=\"3 ph\u00fat\" \/>\n<script type=\"application\/ld+json\" class=\"yoast-schema-graph\">{\"@context\":\"https:\/\/schema.org\",\"@graph\":[{\"@type\":\"WebPage\",\"@id\":\"https:\/\/thucung.azdigi.shop\/?product=pate-cho-cho-meo-royal-canin-recovery-lon-195g\",\"url\":\"https:\/\/thucung.azdigi.shop\/?product=pate-cho-cho-meo-royal-canin-recovery-lon-195g\",\"name\":\"Pate Cho Ch\u00f3 M\u00e8o Royal Canin Recovery Lon 195g - Pobi shop\",\"isPartOf\":{\"@id\":\"https:\/\/thucung.azdigi.shop\/#website\"},\"primaryImageOfPage\":{\"@id\":\"https:\/\/thucung.azdigi.shop\/?product=pate-cho-cho-meo-royal-canin-recovery-lon-195g#primaryimage\"},\"image\":{\"@id\":\"https:\/\/thucung.azdigi.shop\/?product=pate-cho-cho-meo-royal-canin-recovery-lon-195g#primaryimage\"},\"thumbnailUrl\":\"https:\/\/thucung.azdigi.shop\/wp-content\/uploads\/2026\/04\/pate-cho-cho-meo-royal-canin-recovery-lon-195g.webp\",\"datePublished\":\"2026-04-08T11:54:53+00:00\",\"dateModified\":\"2026-04-19T10:29:53+00:00\",\"description\":\"Pate Royal Canin Recovery 195g d\u00e0nh cho ch\u00f3 m\u00e8o c\u1ea7n ph\u1ee5c h\u1ed3i s\u1ee9c kh\u1ecfe, d\u1ea1ng m\u1ec1m m\u1ecbn d\u1ec5 \u0103n, h\u1ed7 tr\u1ee3 b\u1ed5 sung dinh d\u01b0\u1ee1ng v\u00e0 k\u00edch th\u00edch v\u1ecb gi\u00e1c hi\u1ec7u qu\u1ea3.\",\"breadcrumb\":{\"@id\":\"https:\/\/thucung.azdigi.shop\/?product=pate-cho-cho-meo-royal-canin-recovery-lon-195g#breadcrumb\"},\"inLanguage\":\"vi\",\"potentialAction\":[{\"@type\":\"ReadAction\",\"target\":[\"https:\/\/thucung.azdigi.shop\/?product=pate-cho-cho-meo-royal-canin-recovery-lon-195g\"]}]},{\"@type\":\"ImageObject\",\"inLanguage\":\"vi\",\"@id\":\"https:\/\/thucung.azdigi.shop\/?product=pate-cho-cho-meo-royal-canin-recovery-lon-195g#primaryimage\",\"url\":\"https:\/\/thucung.azdigi.shop\/wp-content\/uploads\/2026\/04\/pate-cho-cho-meo-royal-canin-recovery-lon-195g.webp\",\"contentUrl\":\"https:\/\/thucung.azdigi.shop\/wp-content\/uploads\/2026\/04\/pate-cho-cho-meo-royal-canin-recovery-lon-195g.webp\",\"width\":800,\"height\":800},{\"@type\":\"BreadcrumbList\",\"@id\":\"https:\/\/thucung.azdigi.shop\/?product=pate-cho-cho-meo-royal-canin-recovery-lon-195g#breadcrumb\",\"itemListElement\":[{\"@type\":\"ListItem\",\"position\":1,\"name\":\"Trang ch\u1ee7\",\"item\":\"https:\/\/thucung.azdigi.shop\/\"},{\"@type\":\"ListItem\",\"position\":2,\"name\":\"C\u1eeda h\u00e0ng\",\"item\":\"https:\/\/thucung.azdigi.shop\/?page_id=137\"},{\"@type\":\"ListItem\",\"position\":3,\"name\":\"Pate Cho Ch\u00f3 M\u00e8o Royal Canin Recovery Lon 195g\"}]},{\"@type\":\"WebSite\",\"@id\":\"https:\/\/thucung.azdigi.shop\/#website\",\"url\":\"https:\/\/thucung.azdigi.shop\/\",\"name\":\"Chuy\u00ean b\u00e1n th\u00fa c\u01b0ng, ph\u1ee5 ki\u1ec7n, th\u1ee9c \u0103n\",\"description\":\"\",\"potentialAction\":[{\"@type\":\"SearchAction\",\"target\":{\"@type\":\"EntryPoint\",\"urlTemplate\":\"https:\/\/thucung.azdigi.shop\/?s={search_term_string}\"},\"query-input\":{\"@type\":\"PropertyValueSpecification\",\"valueRequired\":true,\"valueName\":\"search_term_string\"}}],\"inLanguage\":\"vi\"}]}<\/script>\n<!-- \/ Yoast SEO plugin. -->","yoast_head_json":{"title":"Pate Cho Ch\u00f3 M\u00e8o Royal Canin Recovery Lon 195g - Pobi shop","description":"Pate Royal Canin Recovery 195g d\u00e0nh cho ch\u00f3 m\u00e8o c\u1ea7n ph\u1ee5c h\u1ed3i s\u1ee9c kh\u1ecfe, d\u1ea1ng m\u1ec1m m\u1ecbn d\u1ec5 \u0103n, h\u1ed7 tr\u1ee3 b\u1ed5 sung dinh d\u01b0\u1ee1ng v\u00e0 k\u00edch th\u00edch v\u1ecb gi\u00e1c hi\u1ec7u qu\u1ea3.","robots":{"index":"index","follow":"follow","max-snippet":"max-snippet:-1","max-image-preview":"max-image-preview:large","max-video-preview":"max-video-preview:-1"},"canonical":"https:\/\/thucung.azdigi.shop\/?product=pate-cho-cho-meo-royal-canin-recovery-lon-195g","og_locale":"vi_VN","og_type":"article","og_title":"Pate Cho Ch\u00f3 M\u00e8o Royal Canin Recovery Lon 195g - Pobi shop","og_description":"Pate Royal Canin Recovery 195g d\u00e0nh cho ch\u00f3 m\u00e8o c\u1ea7n ph\u1ee5c h\u1ed3i s\u1ee9c kh\u1ecfe, d\u1ea1ng m\u1ec1m m\u1ecbn d\u1ec5 \u0103n, h\u1ed7 tr\u1ee3 b\u1ed5 sung dinh d\u01b0\u1ee1ng v\u00e0 k\u00edch th\u00edch v\u1ecb gi\u00e1c hi\u1ec7u qu\u1ea3.","og_url":"https:\/\/thucung.azdigi.shop\/?product=pate-cho-cho-meo-royal-canin-recovery-lon-195g","og_site_name":"Pobi shop","article_modified_time":"2026-04-19T10:29:53+00:00","og_image":[{"width":800,"height":800,"url":"https:\/\/thucung.azdigi.shop\/wp-content\/uploads\/2026\/04\/pate-cho-cho-meo-royal-canin-recovery-lon-195g.webp","type":"image\/webp"}],"twitter_card":"summary_large_image","twitter_misc":{"\u01af\u1edbc t\u00ednh th\u1eddi gian \u0111\u1ecdc":"3 ph\u00fat"},"schema":{"@context":"https:\/\/schema.org","@graph":[{"@type":"WebPage","@id":"https:\/\/thucung.azdigi.shop\/?product=pate-cho-cho-meo-royal-canin-recovery-lon-195g","url":"https:\/\/thucung.azdigi.shop\/?product=pate-cho-cho-meo-royal-canin-recovery-lon-195g","name":"Pate Cho Ch\u00f3 M\u00e8o Royal Canin Recovery Lon 195g - Pobi shop","isPartOf":{"@id":"https:\/\/thucung.azdigi.shop\/#website"},"primaryImageOfPage":{"@id":"https:\/\/thucung.azdigi.shop\/?product=pate-cho-cho-meo-royal-canin-recovery-lon-195g#primaryimage"},"image":{"@id":"https:\/\/thucung.azdigi.shop\/?product=pate-cho-cho-meo-royal-canin-recovery-lon-195g#primaryimage"},"thumbnailUrl":"https:\/\/thucung.azdigi.shop\/wp-content\/uploads\/2026\/04\/pate-cho-cho-meo-royal-canin-recovery-lon-195g.webp","datePublished":"2026-04-08T11:54:53+00:00","dateModified":"2026-04-19T10:29:53+00:00","description":"Pate Royal Canin Recovery 195g d\u00e0nh cho ch\u00f3 m\u00e8o c\u1ea7n ph\u1ee5c h\u1ed3i s\u1ee9c kh\u1ecfe, d\u1ea1ng m\u1ec1m m\u1ecbn d\u1ec5 \u0103n, h\u1ed7 tr\u1ee3 b\u1ed5 sung dinh d\u01b0\u1ee1ng v\u00e0 k\u00edch th\u00edch v\u1ecb gi\u00e1c hi\u1ec7u qu\u1ea3.","breadcrumb":{"@id":"https:\/\/thucung.azdigi.shop\/?product=pate-cho-cho-meo-royal-canin-recovery-lon-195g#breadcrumb"},"inLanguage":"vi","potentialAction":[{"@type":"ReadAction","target":["https:\/\/thucung.azdigi.shop\/?product=pate-cho-cho-meo-royal-canin-recovery-lon-195g"]}]},{"@type":"ImageObject","inLanguage":"vi","@id":"https:\/\/thucung.azdigi.shop\/?product=pate-cho-cho-meo-royal-canin-recovery-lon-195g#primaryimage","url":"https:\/\/thucung.azdigi.shop\/wp-content\/uploads\/2026\/04\/pate-cho-cho-meo-royal-canin-recovery-lon-195g.webp","contentUrl":"https:\/\/thucung.azdigi.shop\/wp-content\/uploads\/2026\/04\/pate-cho-cho-meo-royal-canin-recovery-lon-195g.webp","width":800,"height":800},{"@type":"BreadcrumbList","@id":"https:\/\/thucung.azdigi.shop\/?product=pate-cho-cho-meo-royal-canin-recovery-lon-195g#breadcrumb","itemListElement":[{"@type":"ListItem","position":1,"name":"Trang ch\u1ee7","item":"https:\/\/thucung.azdigi.shop\/"},{"@type":"ListItem","position":2,"name":"C\u1eeda h\u00e0ng","item":"https:\/\/thucung.azdigi.shop\/?page_id=137"},{"@type":"ListItem","position":3,"name":"Pate Cho Ch\u00f3 M\u00e8o Royal Canin Recovery Lon 195g"}]},{"@type":"WebSite","@id":"https:\/\/thucung.azdigi.shop\/#website","url":"https:\/\/thucung.azdigi.shop\/","name":"Chuy\u00ean b\u00e1n th\u00fa c\u01b0ng, ph\u1ee5 ki\u1ec7n, th\u1ee9c \u0103n","description":"","potentialAction":[{"@type":"SearchAction","target":{"@type":"EntryPoint","urlTemplate":"https:\/\/thucung.azdigi.shop\/?s={search_term_string}"},"query-input":{"@type":"PropertyValueSpecification","valueRequired":true,"valueName":"search_term_string"}}],"inLanguage":"vi"}]}},"_links":{"self":[{"href":"https:\/\/thucung.azdigi.shop\/index.php?rest_route=\/wp\/v2\/product\/694","targetHints":{"allow":["GET"]}}],"collection":[{"href":"https:\/\/thucung.azdigi.shop\/index.php?rest_route=\/wp\/v2\/product"}],"about":[{"href":"https:\/\/thucung.azdigi.shop\/index.php?rest_route=\/wp\/v2\/types\/product"}],"replies":[{"embeddable":true,"href":"https:\/\/thucung.azdigi.shop\/index.php?rest_route=%2Fwp%2Fv2%2Fcomments&post=694"}],"wp:featuredmedia":[{"embeddable":true,"href":"https:\/\/thucung.azdigi.shop\/index.php?rest_route=\/wp\/v2\/media\/695"}],"wp:attachment":[{"href":"https:\/\/thucung.azdigi.shop\/index.php?rest_route=%2Fwp%2Fv2%2Fmedia&parent=694"}],"wp:term":[{"taxonomy":"product_brand","embeddable":true,"href":"https:\/\/thucung.azdigi.shop\/index.php?rest_route=%2Fwp%2Fv2%2Fproduct_brand&post=694"},{"taxonomy":"product_cat","embeddable":true,"href":"https:\/\/thucung.azdigi.shop\/index.php?rest_route=%2Fwp%2Fv2%2Fproduct_cat&post=694"},{"taxonomy":"product_tag","embeddable":true,"href":"https:\/\/thucung.azdigi.shop\/index.php?rest_route=%2Fwp%2Fv2%2Fproduct_tag&post=694"}],"curies":[{"name":"wp","href":"https:\/\/api.w.org\/{rel}","templated":true}]}}