{"id":280,"date":"2026-04-04T20:13:25","date_gmt":"2026-04-04T20:13:25","guid":{"rendered":"https:\/\/thucung.azdigi.shop\/?post_type=product&#038;p=280"},"modified":"2026-04-09T06:54:45","modified_gmt":"2026-04-09T06:54:45","slug":"banh-thuong-catnip-cho-meo","status":"publish","type":"product","link":"https:\/\/thucung.azdigi.shop\/?product=banh-thuong-catnip-cho-meo","title":{"rendered":"b\u00e1nh th\u01b0\u1edfng Catnip Biscuits 40g"},"content":{"rendered":"<h2 data-section-id=\"uaa6bi\" data-start=\"480\" data-end=\"497\"><span role=\"text\"><strong data-start=\"483\" data-end=\"497\">Gi\u1edbi thi\u1ec7u<\/strong><\/span><\/h2>\n<p data-start=\"498\" data-end=\"697\">Catnip Biscuits 40g l\u00e0 b\u00e1nh th\u01b0\u1edfng d\u00e0nh cho m\u00e8o v\u1edbi h\u01b0\u01a1ng catnip t\u1ef1 nhi\u00ean, gi\u00fap k\u00edch th\u00edch s\u1ef1 h\u1ee9ng th\u00fa v\u00e0 t\u0103ng c\u1ea3m gi\u00e1c ngon mi\u1ec7ng. S\u1ea3n ph\u1ea9m ph\u00f9 h\u1ee3p d\u00f9ng l\u00e0m ph\u1ea7n th\u01b0\u1edfng ho\u1eb7c snack h\u1eb1ng ng\u00e0y cho m\u00e8o.<\/p>\n<hr data-start=\"699\" data-end=\"702\" \/>\n<h2 data-section-id=\"17gj3z2\" data-start=\"704\" data-end=\"727\"><span role=\"text\"><strong data-start=\"707\" data-end=\"727\">\u0110\u1eb7c \u0111i\u1ec3m n\u1ed5i b\u1eadt<\/strong><\/span><\/h2>\n<ul data-start=\"728\" data-end=\"865\">\n<li data-section-id=\"1fehxsc\" data-start=\"728\" data-end=\"765\">H\u01b0\u01a1ng catnip h\u1ea5p d\u1eabn, thu h\u00fat m\u00e8o<\/li>\n<li data-section-id=\"z0ftnc\" data-start=\"766\" data-end=\"791\">K\u00edch th\u01b0\u1edbc nh\u1ecf, d\u1ec5 \u0103n<\/li>\n<li data-section-id=\"1tqri7s\" data-start=\"792\" data-end=\"821\">Ph\u00f9 h\u1ee3p cho nhi\u1ec1u \u0111\u1ed9 tu\u1ed5i<\/li>\n<li data-section-id=\"b4ol9l\" data-start=\"822\" data-end=\"865\">D\u1ec5 s\u1eed d\u1ee5ng trong hu\u1ea5n luy\u1ec7n ho\u1eb7c th\u01b0\u1edfng<\/li>\n<\/ul>\n<hr data-start=\"867\" data-end=\"870\" \/>\n<h2 data-section-id=\"5fzsc9\" data-start=\"872\" data-end=\"898\"><span role=\"text\"><strong data-start=\"875\" data-end=\"898\">L\u1ee3i \u00edch khi s\u1eed d\u1ee5ng<\/strong><\/span><\/h2>\n<h3 data-section-id=\"1pqhq77\" data-start=\"900\" data-end=\"929\"><span role=\"text\">\ud83d\udc3e <strong data-start=\"907\" data-end=\"929\">K\u00edch th\u00edch v\u1ecb gi\u00e1c<\/strong><\/span><\/h3>\n<p data-start=\"930\" data-end=\"994\">Catnip gi\u00fap m\u00e8o h\u1ee9ng th\u00fa h\u01a1n v\u1edbi \u0111\u1ed3 \u0103n, \u0111\u1eb7c bi\u1ec7t v\u1edbi m\u00e8o k\u00e9n \u0103n.<\/p>\n<h3 data-section-id=\"1mnm49c\" data-start=\"996\" data-end=\"1024\"><span role=\"text\">\ud83c\udfaf <strong data-start=\"1003\" data-end=\"1024\">H\u1ed7 tr\u1ee3 hu\u1ea5n luy\u1ec7n<\/strong><\/span><\/h3>\n<p data-start=\"1025\" data-end=\"1081\">C\u00f3 th\u1ec3 d\u00f9ng l\u00e0m ph\u1ea7n th\u01b0\u1edfng khi d\u1ea1y m\u00e8o c\u00e1c h\u00e0nh vi t\u1ed1t.<\/p>\n<h3 data-section-id=\"8wb2is\" data-start=\"1083\" data-end=\"1108\"><span role=\"text\">\ud83e\uddf8 <strong data-start=\"1090\" data-end=\"1108\">T\u0103ng t\u01b0\u01a1ng t\u00e1c<\/strong><\/span><\/h3>\n<p data-start=\"1109\" data-end=\"1146\">Gi\u00fap m\u00e8o vui ch\u01a1i v\u00e0 gi\u1ea3m c\u0103ng th\u1eb3ng.<\/p>\n<hr data-start=\"1148\" data-end=\"1151\" \/>\n<h2 data-section-id=\"e0kb79\" data-start=\"1153\" data-end=\"1177\"><span role=\"text\"><strong data-start=\"1156\" data-end=\"1177\">\u0110\u1ed1i t\u01b0\u1ee3ng s\u1eed d\u1ee5ng<\/strong><\/span><\/h2>\n<ul data-start=\"1178\" data-end=\"1265\">\n<li data-section-id=\"1ejv8km\" data-start=\"1178\" data-end=\"1209\">M\u00e8o con v\u00e0 m\u00e8o tr\u01b0\u1edfng th\u00e0nh<\/li>\n<li data-section-id=\"1gnb4kj\" data-start=\"1210\" data-end=\"1224\">M\u00e8o k\u00e9n \u0103n<\/li>\n<li data-section-id=\"q2d3ow\" data-start=\"1225\" data-end=\"1265\">M\u00e8o c\u1ea7n t\u0103ng t\u01b0\u01a1ng t\u00e1c ho\u1eb7c gi\u1ea3i tr\u00ed<\/li>\n<\/ul>\n<hr data-start=\"1267\" data-end=\"1270\" \/>\n<h2 data-section-id=\"1ou8prs\" data-start=\"1272\" data-end=\"1296\"><span role=\"text\"><strong data-start=\"1275\" data-end=\"1296\">H\u01b0\u1edbng d\u1eabn s\u1eed d\u1ee5ng<\/strong><\/span><\/h2>\n<ul data-start=\"1297\" data-end=\"1403\">\n<li data-section-id=\"1q4q9oe\" data-start=\"1297\" data-end=\"1335\">Cho \u0103n v\u1edbi l\u01b0\u1ee3ng v\u1eeba ph\u1ea3i m\u1ed7i ng\u00e0y<\/li>\n<li data-section-id=\"sfq7gw\" data-start=\"1336\" data-end=\"1367\">Kh\u00f4ng thay th\u1ebf b\u1eefa \u0103n ch\u00ednh<\/li>\n<li data-section-id=\"i4nfqi\" data-start=\"1368\" data-end=\"1403\">Lu\u00f4n chu\u1ea9n b\u1ecb n\u01b0\u1edbc s\u1ea1ch cho m\u00e8o<\/li>\n<\/ul>\n<hr data-start=\"1405\" data-end=\"1408\" \/>\n<h2 data-section-id=\"bh4eov\" data-start=\"1410\" data-end=\"1425\"><span role=\"text\"><strong data-start=\"1413\" data-end=\"1425\">K\u1ebft lu\u1eadn<\/strong><\/span><\/h2>\n<p data-start=\"1426\" data-end=\"1560\">Catnip Biscuits 40g l\u00e0 l\u1ef1a ch\u1ecdn ph\u00f9 h\u1ee3p \u0111\u1ec3 l\u00e0m b\u00e1nh th\u01b0\u1edfng cho m\u00e8o. S\u1ea3n ph\u1ea9m gi\u00fap t\u0103ng h\u1ee9ng th\u00fa \u0103n u\u1ed1ng v\u00e0 t\u1ea1o s\u1ef1 vui v\u1ebb cho th\u00fa c\u01b0ng.<\/p>\n","protected":false},"excerpt":{"rendered":"<p>Gi\u1edbi thi\u1ec7u Catnip Biscuits 40g l\u00e0 b\u00e1nh th\u01b0\u1edfng d\u00e0nh cho m\u00e8o v\u1edbi h\u01b0\u01a1ng catnip t\u1ef1 nhi\u00ean, gi\u00fap k\u00edch th\u00edch s\u1ef1 h\u1ee9ng th\u00fa v\u00e0 t\u0103ng c\u1ea3m gi\u00e1c ngon mi\u1ec7ng. S\u1ea3n ph\u1ea9m ph\u00f9 h\u1ee3p d\u00f9ng l\u00e0m ph\u1ea7n th\u01b0\u1edfng ho\u1eb7c snack h\u1eb1ng ng\u00e0y cho m\u00e8o. \u0110\u1eb7c \u0111i\u1ec3m n\u1ed5i b\u1eadt H\u01b0\u01a1ng catnip h\u1ea5p d\u1eabn, thu h\u00fat m\u00e8o K\u00edch th\u01b0\u1edbc [&#8230;]\n","protected":false},"featured_media":272,"comment_status":"open","ping_status":"closed","template":"","meta":[],"product_brand":[44],"product_cat":[38,32],"product_tag":[],"class_list":{"0":"post-280","1":"product","2":"type-product","3":"status-publish","4":"has-post-thumbnail","6":"product_brand-catnip-biscuits","7":"product_cat-cho-va-meo","8":"product_cat-thuc-an-hat","10":"first","11":"instock","12":"sale","13":"featured","14":"taxable","15":"shipping-taxable","16":"purchasable","17":"product-type-variable"},"yoast_head":"<!-- This site is optimized with the Yoast SEO plugin v26.9 - https:\/\/yoast.com\/product\/yoast-seo-wordpress\/ -->\n<title>b\u00e1nh th\u01b0\u1edfng Catnip Biscuits 40g - Pobi shop<\/title>\n<meta name=\"description\" content=\"B\u00e1nh th\u01b0\u1edfng Catnip Biscuits 40g cho m\u00e8o, h\u01b0\u01a1ng catnip th\u01a1m ngon, d\u1ec5 \u0103n, ph\u00f9 h\u1ee3p l\u00e0m snack h\u1eb1ng ng\u00e0y ho\u1eb7c ph\u1ea7n th\u01b0\u1edfng cho m\u00e8o.\" \/>\n<meta name=\"robots\" content=\"index, follow, max-snippet:-1, max-image-preview:large, max-video-preview:-1\" \/>\n<link rel=\"canonical\" href=\"https:\/\/thucung.azdigi.shop\/?product=banh-thuong-catnip-cho-meo\" \/>\n<meta property=\"og:locale\" content=\"vi_VN\" \/>\n<meta property=\"og:type\" content=\"article\" \/>\n<meta property=\"og:title\" content=\"b\u00e1nh th\u01b0\u1edfng Catnip Biscuits 40g - Pobi shop\" \/>\n<meta property=\"og:description\" content=\"B\u00e1nh th\u01b0\u1edfng Catnip Biscuits 40g cho m\u00e8o, h\u01b0\u01a1ng catnip th\u01a1m ngon, d\u1ec5 \u0103n, ph\u00f9 h\u1ee3p l\u00e0m snack h\u1eb1ng ng\u00e0y ho\u1eb7c ph\u1ea7n th\u01b0\u1edfng cho m\u00e8o.\" \/>\n<meta property=\"og:url\" content=\"https:\/\/thucung.azdigi.shop\/?product=banh-thuong-catnip-cho-meo\" \/>\n<meta property=\"og:site_name\" content=\"Pobi shop\" \/>\n<meta property=\"article:modified_time\" content=\"2026-04-09T06:54:45+00:00\" \/>\n<meta property=\"og:image\" content=\"https:\/\/thucung.azdigi.shop\/wp-content\/uploads\/2026\/04\/banh-thuong-meo-banh-quy-co-meo-catnip-40g.webp\" \/>\n\t<meta property=\"og:image:width\" content=\"800\" \/>\n\t<meta property=\"og:image:height\" content=\"800\" \/>\n\t<meta property=\"og:image:type\" content=\"image\/webp\" \/>\n<meta name=\"twitter:card\" content=\"summary_large_image\" \/>\n<meta name=\"twitter:label1\" content=\"\u01af\u1edbc t\u00ednh th\u1eddi gian \u0111\u1ecdc\" \/>\n\t<meta name=\"twitter:data1\" content=\"2 ph\u00fat\" \/>\n<script type=\"application\/ld+json\" class=\"yoast-schema-graph\">{\"@context\":\"https:\/\/schema.org\",\"@graph\":[{\"@type\":\"WebPage\",\"@id\":\"https:\/\/thucung.azdigi.shop\/?product=banh-thuong-catnip-cho-meo\",\"url\":\"https:\/\/thucung.azdigi.shop\/?product=banh-thuong-catnip-cho-meo\",\"name\":\"b\u00e1nh th\u01b0\u1edfng Catnip Biscuits 40g - Pobi shop\",\"isPartOf\":{\"@id\":\"https:\/\/thucung.azdigi.shop\/#website\"},\"primaryImageOfPage\":{\"@id\":\"https:\/\/thucung.azdigi.shop\/?product=banh-thuong-catnip-cho-meo#primaryimage\"},\"image\":{\"@id\":\"https:\/\/thucung.azdigi.shop\/?product=banh-thuong-catnip-cho-meo#primaryimage\"},\"thumbnailUrl\":\"https:\/\/thucung.azdigi.shop\/wp-content\/uploads\/2026\/04\/banh-thuong-meo-banh-quy-co-meo-catnip-40g.webp\",\"datePublished\":\"2026-04-04T20:13:25+00:00\",\"dateModified\":\"2026-04-09T06:54:45+00:00\",\"description\":\"B\u00e1nh th\u01b0\u1edfng Catnip Biscuits 40g cho m\u00e8o, h\u01b0\u01a1ng catnip th\u01a1m ngon, d\u1ec5 \u0103n, ph\u00f9 h\u1ee3p l\u00e0m snack h\u1eb1ng ng\u00e0y ho\u1eb7c ph\u1ea7n th\u01b0\u1edfng cho m\u00e8o.\",\"breadcrumb\":{\"@id\":\"https:\/\/thucung.azdigi.shop\/?product=banh-thuong-catnip-cho-meo#breadcrumb\"},\"inLanguage\":\"vi\",\"potentialAction\":[{\"@type\":\"ReadAction\",\"target\":[\"https:\/\/thucung.azdigi.shop\/?product=banh-thuong-catnip-cho-meo\"]}]},{\"@type\":\"ImageObject\",\"inLanguage\":\"vi\",\"@id\":\"https:\/\/thucung.azdigi.shop\/?product=banh-thuong-catnip-cho-meo#primaryimage\",\"url\":\"https:\/\/thucung.azdigi.shop\/wp-content\/uploads\/2026\/04\/banh-thuong-meo-banh-quy-co-meo-catnip-40g.webp\",\"contentUrl\":\"https:\/\/thucung.azdigi.shop\/wp-content\/uploads\/2026\/04\/banh-thuong-meo-banh-quy-co-meo-catnip-40g.webp\",\"width\":800,\"height\":800},{\"@type\":\"BreadcrumbList\",\"@id\":\"https:\/\/thucung.azdigi.shop\/?product=banh-thuong-catnip-cho-meo#breadcrumb\",\"itemListElement\":[{\"@type\":\"ListItem\",\"position\":1,\"name\":\"Trang ch\u1ee7\",\"item\":\"https:\/\/thucung.azdigi.shop\/\"},{\"@type\":\"ListItem\",\"position\":2,\"name\":\"C\u1eeda h\u00e0ng\",\"item\":\"https:\/\/thucung.azdigi.shop\/?page_id=137\"},{\"@type\":\"ListItem\",\"position\":3,\"name\":\"b\u00e1nh th\u01b0\u1edfng Catnip Biscuits 40g\"}]},{\"@type\":\"WebSite\",\"@id\":\"https:\/\/thucung.azdigi.shop\/#website\",\"url\":\"https:\/\/thucung.azdigi.shop\/\",\"name\":\"Chuy\u00ean b\u00e1n th\u00fa c\u01b0ng, ph\u1ee5 ki\u1ec7n, th\u1ee9c \u0103n\",\"description\":\"\",\"potentialAction\":[{\"@type\":\"SearchAction\",\"target\":{\"@type\":\"EntryPoint\",\"urlTemplate\":\"https:\/\/thucung.azdigi.shop\/?s={search_term_string}\"},\"query-input\":{\"@type\":\"PropertyValueSpecification\",\"valueRequired\":true,\"valueName\":\"search_term_string\"}}],\"inLanguage\":\"vi\"}]}<\/script>\n<!-- \/ Yoast SEO plugin. -->","yoast_head_json":{"title":"b\u00e1nh th\u01b0\u1edfng Catnip Biscuits 40g - Pobi shop","description":"B\u00e1nh th\u01b0\u1edfng Catnip Biscuits 40g cho m\u00e8o, h\u01b0\u01a1ng catnip th\u01a1m ngon, d\u1ec5 \u0103n, ph\u00f9 h\u1ee3p l\u00e0m snack h\u1eb1ng ng\u00e0y ho\u1eb7c ph\u1ea7n th\u01b0\u1edfng cho m\u00e8o.","robots":{"index":"index","follow":"follow","max-snippet":"max-snippet:-1","max-image-preview":"max-image-preview:large","max-video-preview":"max-video-preview:-1"},"canonical":"https:\/\/thucung.azdigi.shop\/?product=banh-thuong-catnip-cho-meo","og_locale":"vi_VN","og_type":"article","og_title":"b\u00e1nh th\u01b0\u1edfng Catnip Biscuits 40g - Pobi shop","og_description":"B\u00e1nh th\u01b0\u1edfng Catnip Biscuits 40g cho m\u00e8o, h\u01b0\u01a1ng catnip th\u01a1m ngon, d\u1ec5 \u0103n, ph\u00f9 h\u1ee3p l\u00e0m snack h\u1eb1ng ng\u00e0y ho\u1eb7c ph\u1ea7n th\u01b0\u1edfng cho m\u00e8o.","og_url":"https:\/\/thucung.azdigi.shop\/?product=banh-thuong-catnip-cho-meo","og_site_name":"Pobi shop","article_modified_time":"2026-04-09T06:54:45+00:00","og_image":[{"width":800,"height":800,"url":"https:\/\/thucung.azdigi.shop\/wp-content\/uploads\/2026\/04\/banh-thuong-meo-banh-quy-co-meo-catnip-40g.webp","type":"image\/webp"}],"twitter_card":"summary_large_image","twitter_misc":{"\u01af\u1edbc t\u00ednh th\u1eddi gian \u0111\u1ecdc":"2 ph\u00fat"},"schema":{"@context":"https:\/\/schema.org","@graph":[{"@type":"WebPage","@id":"https:\/\/thucung.azdigi.shop\/?product=banh-thuong-catnip-cho-meo","url":"https:\/\/thucung.azdigi.shop\/?product=banh-thuong-catnip-cho-meo","name":"b\u00e1nh th\u01b0\u1edfng Catnip Biscuits 40g - Pobi shop","isPartOf":{"@id":"https:\/\/thucung.azdigi.shop\/#website"},"primaryImageOfPage":{"@id":"https:\/\/thucung.azdigi.shop\/?product=banh-thuong-catnip-cho-meo#primaryimage"},"image":{"@id":"https:\/\/thucung.azdigi.shop\/?product=banh-thuong-catnip-cho-meo#primaryimage"},"thumbnailUrl":"https:\/\/thucung.azdigi.shop\/wp-content\/uploads\/2026\/04\/banh-thuong-meo-banh-quy-co-meo-catnip-40g.webp","datePublished":"2026-04-04T20:13:25+00:00","dateModified":"2026-04-09T06:54:45+00:00","description":"B\u00e1nh th\u01b0\u1edfng Catnip Biscuits 40g cho m\u00e8o, h\u01b0\u01a1ng catnip th\u01a1m ngon, d\u1ec5 \u0103n, ph\u00f9 h\u1ee3p l\u00e0m snack h\u1eb1ng ng\u00e0y ho\u1eb7c ph\u1ea7n th\u01b0\u1edfng cho m\u00e8o.","breadcrumb":{"@id":"https:\/\/thucung.azdigi.shop\/?product=banh-thuong-catnip-cho-meo#breadcrumb"},"inLanguage":"vi","potentialAction":[{"@type":"ReadAction","target":["https:\/\/thucung.azdigi.shop\/?product=banh-thuong-catnip-cho-meo"]}]},{"@type":"ImageObject","inLanguage":"vi","@id":"https:\/\/thucung.azdigi.shop\/?product=banh-thuong-catnip-cho-meo#primaryimage","url":"https:\/\/thucung.azdigi.shop\/wp-content\/uploads\/2026\/04\/banh-thuong-meo-banh-quy-co-meo-catnip-40g.webp","contentUrl":"https:\/\/thucung.azdigi.shop\/wp-content\/uploads\/2026\/04\/banh-thuong-meo-banh-quy-co-meo-catnip-40g.webp","width":800,"height":800},{"@type":"BreadcrumbList","@id":"https:\/\/thucung.azdigi.shop\/?product=banh-thuong-catnip-cho-meo#breadcrumb","itemListElement":[{"@type":"ListItem","position":1,"name":"Trang ch\u1ee7","item":"https:\/\/thucung.azdigi.shop\/"},{"@type":"ListItem","position":2,"name":"C\u1eeda h\u00e0ng","item":"https:\/\/thucung.azdigi.shop\/?page_id=137"},{"@type":"ListItem","position":3,"name":"b\u00e1nh th\u01b0\u1edfng Catnip Biscuits 40g"}]},{"@type":"WebSite","@id":"https:\/\/thucung.azdigi.shop\/#website","url":"https:\/\/thucung.azdigi.shop\/","name":"Chuy\u00ean b\u00e1n th\u00fa c\u01b0ng, ph\u1ee5 ki\u1ec7n, th\u1ee9c \u0103n","description":"","potentialAction":[{"@type":"SearchAction","target":{"@type":"EntryPoint","urlTemplate":"https:\/\/thucung.azdigi.shop\/?s={search_term_string}"},"query-input":{"@type":"PropertyValueSpecification","valueRequired":true,"valueName":"search_term_string"}}],"inLanguage":"vi"}]}},"_links":{"self":[{"href":"https:\/\/thucung.azdigi.shop\/index.php?rest_route=\/wp\/v2\/product\/280","targetHints":{"allow":["GET"]}}],"collection":[{"href":"https:\/\/thucung.azdigi.shop\/index.php?rest_route=\/wp\/v2\/product"}],"about":[{"href":"https:\/\/thucung.azdigi.shop\/index.php?rest_route=\/wp\/v2\/types\/product"}],"replies":[{"embeddable":true,"href":"https:\/\/thucung.azdigi.shop\/index.php?rest_route=%2Fwp%2Fv2%2Fcomments&post=280"}],"wp:featuredmedia":[{"embeddable":true,"href":"https:\/\/thucung.azdigi.shop\/index.php?rest_route=\/wp\/v2\/media\/272"}],"wp:attachment":[{"href":"https:\/\/thucung.azdigi.shop\/index.php?rest_route=%2Fwp%2Fv2%2Fmedia&parent=280"}],"wp:term":[{"taxonomy":"product_brand","embeddable":true,"href":"https:\/\/thucung.azdigi.shop\/index.php?rest_route=%2Fwp%2Fv2%2Fproduct_brand&post=280"},{"taxonomy":"product_cat","embeddable":true,"href":"https:\/\/thucung.azdigi.shop\/index.php?rest_route=%2Fwp%2Fv2%2Fproduct_cat&post=280"},{"taxonomy":"product_tag","embeddable":true,"href":"https:\/\/thucung.azdigi.shop\/index.php?rest_route=%2Fwp%2Fv2%2Fproduct_tag&post=280"}],"curies":[{"name":"wp","href":"https:\/\/api.w.org\/{rel}","templated":true}]}}